-442*v + 439*v + 324 = 0. What is the thousands digit of ((-204)/6)/((15/(-5))/v)?
1
Let r(v) be the first derivative of 2*v**3/3 - 16*v**2 + 7*v - 5. Let j be r(16). Suppose -5*k - 4 = -j*k. What is the units digit of k?
2
What is the hundreds digit of ((126/4 - 0)*-1)/(1047/(-1077712))?
4
Suppose -w - 381 = -1038. What is the units digit of (-146)/w - (-6392)/9?
0
Suppose 0 = 27*n - 258491 - 284722. What is the thousands digit of n?
0
Let x(s) = 72*s - 64. Let g be x(3). Suppose -g*a + 141*a + 8085 = 0. What is the units digit of a?
5
Suppose 5*m - 3*f - 12453 = 0, -5*m - 2823 = -4*f - 15282. What is the hundreds digit of m?
4
Suppose 3*y - 9 - 3 = 0. Suppose -y*a = -894 - 250. What is the tens digit of a?
8
Let c = 209954 - 134272. What is the thousands digit of c?
5
Let o(g) = 103*g + 121. Let q(j) = -52*j - 60. Let b(f) = 3*o(f) + 7*q(f). What is the tens digit of b(-9)?
3
Suppose 4*y = 3*b + 103041, -3*b - 54415 = -5*y + 74381. What is the hundreds digit of y?
7
Let n(z) = -z**3 - 51 - 4*z - 5*z + 50 + 8*z**2. Let j be n(6). Suppose -1038 = -j*y + 3484. What is the units digit of y?
6
Let m = 21 + 9. Let i(t) = 62*t**2 - 28*t + 2. Let q be i(-2). Suppose -m*n = -32*n + q. What is the tens digit of n?
5
Let v(h) = 1380*h**2 - 42*h + 10. What is the tens digit of v(2)?
4
Let c(l) = -2*l - 31. Let t be c(-14). Let m be 9/t - -14 - (-15)/(-5). Suppose m*d + 1 = 697. What is the tens digit of d?
8
Let v(g) = 2*g + 18. Let k be v(-3). Let i be (-7)/(-1) + (-3)/((-18)/k). Suppose -192 = z - i*z. What is the tens digit of z?
2
Suppose 77290 = 3*p + 39*p - 437252. What is the units digit of p?
1
Suppose 0 = -3*c + 2*l + 1555, -3*c = -7*l + 6*l - 1556. Suppose 43*v - 32984 = -c. What is the hundreds digit of v?
7
Suppose 0 = 2*h - 3*s - 45, -h = -3*s - 10 - 20. What is the tens digit of (2196/h)/(-2 - 42/(-20))?
6
Let o(l) = -82*l**3 - l**2 + 12*l - 18. What is the tens digit of o(-5)?
4
Let a(n) = -2224*n**3 - 6*n**2 - n + 4. What is the tens digit of a(-1)?
2
Let p(w) = -7*w + 144 + 190 - 102. What is the units digit of p(31)?
5
Let u(x) be the second derivative of 119*x**5/20 + x**4/2 + 2*x - 29. What is the hundreds digit of u(2)?
9
Let o = -38 + 36. Let u be ((1 - 1)/1)/o. What is the units digit of (4 - 2) + u - -27?
9
Suppose -3*p - 4 = 5*o - 5, 0 = p - 4*o - 6. Suppose 5*t + 2*w = 3183, p*w + 3*w = 4*t - 2520. Suppose 0 = -3*z + 8*z - t. What is the hundreds digit of z?
1
Suppose 3*s = 9, -5*i + 3*s + 985 = -3*i. Let t = -327 + i. What is the hundreds digit of t?
1
Suppose 1562*c + 92466 = 1568*c. What is the ten thousands digit of c?
1
Let x(b) = -b**2 + 33*b + 90. Let u be x(26). Suppose -2*i = -3*s - 518, -i - 6*s + u = -s. What is the hundreds digit of i?
2
Let c(p) = 31*p**3 + 3*p**2 - 4*p + 1. Let w be (18/4 - 1)*(-8)/(-14). Suppose 1 = -y + w. What is the units digit of c(y)?
1
Let b = -611 + 8342. What is the units digit of b?
1
Suppose -48712 = -7*n - 8742. What is the hundreds digit of n?
7
Let s = 34 - 35. Let h be ((-23)/(-2))/(s/(5 - -5)). What is the units digit of (4/10)/((-1)/h)?
6
Let w = 1815 - -925. Let u = -1918 + w. What is the units digit of u?
2
Let k(w) = 6*w**2 + 6. Let g be k(9). Let l = g + -170. Let h = -228 + l. What is the units digit of h?
4
Let c = -462 - -2595. What is the tens digit of c?
3
Suppose -3*i + 27 = d - 26, 0 = 4*i + 5*d - 56. Suppose i*a + 8*a - 40041 = 0. What is the units digit of a?
3
Let n = -53 + 55. Suppose 5*w - 18 = -n*u, -2*w - 5*u + 11 + 13 = 0. Suppose b - 3*z = 68, w*z + 105 - 364 = -3*b. What is the tens digit of b?
8
Let i(g) = -4007*g + 573. What is the ten thousands digit of i(-4)?
1
Let d = 251 + 348. Suppose 3727 + d = 3*i. What is the tens digit of i?
4
Suppose b - 4*p - 146 = -0*p, -b = p - 131. Let d = b + -392. Let h = d + 362. What is the hundreds digit of h?
1
Suppose -3*d + 911 = 2*m + 2611, -3*d - m = 1696. Let f = 898 + d. What is the units digit of f?
4
Suppose 552 = 2*u - 1364. Let a = u - 434. What is the tens digit of a?
2
Let d be (72/21)/(-8*(-8)/1792). Suppose -2*t + d = n, 3*t - 133*n - 143 = -135*n. What is the units digit of t?
9
Let z(f) = f**2 + 5*f - 6. Let o be z(-5). Let c(k) = 138 - 235 + 98 - k. What is the units digit of c(o)?
7
What is the tens digit of (-72)/3*832272/(-504)?
3
Let m(i) = i**3 - 8*i**2 - 33*i + 13. Let s be m(11). Suppose -1463 = -s*r + 6*r. Suppose 3*d = -k + 297, -3*k - r = -5*d + 3*d. What is the units digit of d?
0
Let g = -108 + 105. What is the hundreds digit of g/(-8) + (-51961)/(-104)?
5
Let h be 2 - (0 - -6) - -8. Let f be (-7)/(-7)*-2*2/h. What is the units digit of f - 10*(-36)/3?
9
Suppose -3*l = 97 - 145. Let k = 10 + l. What is the tens digit of k?
2
Suppose 68 = -2*f + 116. Suppose -27*b = -f*b - 1305. What is the hundreds digit of b?
4
Suppose j - 4*f = 9004, 36*j + 18038 = 38*j - 2*f. What is the tens digit of j?
2
Let f(o) = -2*o**3 - 94*o**2 - 1981*o - 87. What is the thousands digit of f(-40)?
6
Let k(h) = -h - 281. Let x be k(-12). Let l be 1828/(-12) - (-2)/6. Let w = l - x. What is the units digit of w?
7
Suppose 30 = g + 4*g. Suppose -24 = -g*v - 0*v. Suppose u - 14 = -f, 6*f - 46 = -4*u + v*f. What is the units digit of u?
9
Let n = -106 + 107. What is the tens digit of (-27603)/(-63) - n/7?
3
Let v = -282 - -281. What is the units digit of (-2*v/7)/(47/658)?
4
Suppose 0 = -73*v - 91*v + 668674 + 74246. What is the thousands digit of v?
4
Suppose c + 2*i = 1283, 2*i = -2*c - i + 2568. Suppose 4*h = -5*t + c, -4*t + 272 + 736 = -4*h. Suppose -6*v = 39 - t. What is the tens digit of v?
3
Suppose -9*p - 8 + 53 = 0. Suppose -553 = -3*i + 12*g - 14*g, -4*g = -p*i + 885. What is the hundreds digit of i?
1
Suppose 13 = -5*f + 8. Let x be 4 + -7 - 6*f. Suppose -5*j + x*u + 496 = -64, 0 = 4*j + 3*u - 421. What is the hundreds digit of j?
1
Let b = -16379 - -20443. What is the tens digit of b?
6
What is the tens digit of 66*(660/8 + -13)?
8
Suppose 5*r - 4*p - 5410 = 0, -234*r + 2*p = -230*r - 4322. What is the thousands digit of r?
1
Suppose -2*i = -3*m - 41, 4*i + 2*m - 57 = 3*m. Let a = i - 4. Let z = 101 - a. What is the units digit of z?
2
Let t be -7 + (6 - 3) - -4. Suppose -3*d + 2*x = -0*d - 1514, -5*x - 5 = t. Suppose 2*b = 4, 4*b - 6*b = 5*k - d. What is the units digit of k?
0
Suppose -30*x + 354456 = 14*x - 59540. What is the hundreds digit of x?
4
Let f(y) = -441*y + 3438. What is the tens digit of f(-12)?
3
Suppose 7*p = 5920 + 18944. Suppose 127*x = 121*x + p. What is the units digit of x?
2
Suppose 5 + 16 = 7*l. Suppose -2*z = -15 - l. Let w(o) = 2*o + 25. What is the units digit of w(z)?
3
Suppose -x = 3*x, -3*x + 44 = -2*d. Let o be (-1)/(-7) + 52/28 + d. What is the units digit of -3 + (1656/15 - (-8)/o)?
7
Let s = -151 + 158. Suppose 0 = s*g + 766 - 5771. What is the units digit of g?
5
Let z = 5483 - 5425. What is the units digit of z?
8
Suppose -24*l + 638921 - 32705 = 43*l. What is the units digit of l?
8
Let f = 24 + -22. Suppose -5*h + 14 = f*k, 3*k + 3 - 10 = -4*h. Suppose h*u - 39 + 11 = 2*s, 0 = 2*u + 3*s - 14. What is the units digit of u?
7
Let b = -42784 - -71361. What is the thousands digit of b?
8
Let h(d) = 31*d - 197. Let a(f) = 27*f - 197. Let o(n) = -7*a(n) + 6*h(n). What is the tens digit of o(-5)?
1
What is the thousands digit of (-17)/(-4)*39032/(-11 - -18)?
3
Let h(t) = 2*t**3 - 58*t**2 + 108*t - 7. Let w be h(27). What is the hundreds digit of w/7*29*-39?
1
Suppose 0 = 58*r - 60*r + 8. Let c be -59*r/((-4)/7). Suppose -4*l + v + 547 = 0, -3*l - 4*v + 2*v + c = 0. What is the tens digit of l?
3
Let y = 35 + 80. Let u = y - -103. What is the units digit of u?
8
Let l(f) be the third derivative of -77*f**6/120 + f**5/20 + f**4/4 + f**3 - 45*f**2 - 2*f. What is the hundreds digit of l(-2)?
6
Let x be 6/(-3) - (1 - 0 - 1). Suppose 5*b + 520 - 65 = 0. What is the units digit of (-1 + b)*(x + 35/20)?
3
Let a(u) = 573*u**2 + 5*u + 7. What is the thousands digit of a(-3)?
5
Let f(o) = 71*o - 2. Suppose 9*p - 4*p = 25. Let d(h) = -70*h + 2. Let g(x) = p*f(x) + 6*d(x). What is the tens digit of g(-1)?
6
Let l(g) = -4 - 11*g**3 + 1 + 12*g**3 + g**2 - 3*g + 0*g. Let w be l(-2). What is the tens digit of (579/(-4))/w + (-1)/(-4)?
4
Let j(s) = -108*s**3 + 4*s**2 + 26*s + 80. What is the